.
29
Calculate the remainder when 1071730 is divided by 267930.
10
Calculate the remainder when 1648546 is divided by 25.
21
Calculate the remainder when 7542820 is divided by 1885705.
0
What is the remainder when 595403 is divided by 101?
8
What is the remainder when 74155 is divided by 74046?
109
Calculate the remainder when 698805 is divided by 1548.
657
What is the remainder when 3153568 is divided by 593?
587
Calculate the remainder when 2696602 is divided by 234.
220
Calculate the remainder when 57139907 is divided by 610.
597
What is the remainder when 33584 is divided by 2550?
434
Calculate the remainder when 1201424 is divided by 1997.
1227
What is the remainder when 803208 is divided by 324?
12
What is the remainder when 60155872 is divided by 5527?
4
Calculate the remainder when 3872998 is divided by 286.
272
Calculate the remainder when 297355405 is divided by 2423.
2422
Calculate the remainder when 13946 is divided by 1805.
1311
What is the remainder when 1269718 is divided by 1459?
388
What is the remainder when 1521830 is divided by 58522?
258
What is the remainder when 580170 is divided by 18?
12
Calculate the remainder when 517484 is divided by 3620.
3444
Calculate the remainder when 33282128 is divided by 1101.
1100
Calculate the remainder when 3817395 is divided by 32.
19
What is the remainder when 5024614 is divided by 259?
14
Calculate the remainder when 510573 is divided by 13434.
81
What is the remainder when 100308 is divided by 486?
192
What is the remainder when 17506211 is divided by 5851?
19
What is the remainder when 868096 is divided by 434039?
18
Calculate the remainder when 22412204 is divided by 10262.
10258
What is the remainder when 366481 is divided by 53?
39
What is the remainder when 2940737 is divided by 73518?
17
What is the remainder when 658049 is divided by 23489?
357
What is the remainder when 912289 is divided by 49?
7
Calculate the remainder when 45915 is divided by 233.
14
What is the remainder when 722402330 is divided by 2139?
2138
Calculate the remainder when 1403583 is divided by 1026.
15
Calculate the remainder when 12013 is divided by 11778.
235
Calculate the remainder when 16137954 is divided by 1613795.
4
What is the remainder when 51872 is divided by 10348?
132
What is the remainder when 91114 is divided by 980?
954
What is the remainder when 12813823 is divided by 3203453?
11
Calculate the remainder when 8369395 is divided by 290.
285
What is the remainder when 265117 is divided by 87529?
2530
What is the remainder when 42159138 is divided by 337273?
13
Calculate the remainder when 11173392 is divided by 31.
0
Calculate the remainder when 3188499 is divided by 88568.
51
What is the remainder when 154290 is divided by 4967?
313
Calculate the remainder when 15958 is divided by 49.
33
Calculate the remainder when 1251293 is divided by 332.
317
Calculate the remainder when 3567886 is divided by 836.
674
What is the remainder when 2620634 is divided by 1267?
478
What is the remainder when 212517 is divided by 2329?
578
What is the remainder when 596512 is divided by 42605?
42
What is the remainder when 34125920 is divided by 240?
80
Calculate the remainder when 3215432 is divided by 1887.
1871
What is the remainder when 153857 is divided by 328?
25
Calculate the remainder when 721958 is divided by 2215.
2083
What is the remainder when 3913964 is divided by 73?
69
Calculate the remainder when 807776 is divided by 34.
4
Calculate the remainder when 128061410 is divided by 383.
381
Calculate the remainder when 40354 is divided by 1039.
872
Calculate the remainder when 135624 is divided by 22291.
1878
What is the remainder when 78077605 is divided by 460?
425
Calculate the remainder when 1102003 is divided by 252.
7
Calculate the remainder when 743885 is divided by 247944.
53
What is the remainder when 66569 is divided by 5372?
2105
Calculate the remainder when 448322 is divided by 597.
572
What is the remainder when 12055 is divided by 3975?
130
What is the remainder when 28558 is divided by 1991?
684
Calculate the remainder when 9572704 is divided by 3893.
3710
What is the remainder when 792079043 is divided by 4942?
4935
Calculate the remainder when 9481248 is divided by 243108.
36
What is the remainder when 6805684 is divided by 26794?
8
What is the remainder when 214619 is divided by 17874?
131
What is the remainder when 11180993 is divided by 1242331?
14
Calculate the remainder when 28154933 is divided by 1006.
11
Calculate the remainder when 1699895 is divided by 1503.
2
Calculate the remainder when 847040 is divided by 2.
0
What is the remainder when 131737 is divided by 7748?
21
What is the remainder when 1039741 is divided by 414?
187
Calculate the remainder when 1530412 is divided by 11.
4
What is the remainder when 1231124 is divided by 205132?
332
Calculate the remainder when 242844 is divided by 14818.
5756
What is the remainder when 156215917 is divided by 1960?
1957
What is the remainder when 133078 is divided by 66538?
2
Calculate the remainder when 641010 is divided by 690.
0
Calculate the remainder when 417569 is divided by 1671.
1490
What is the remainder when 143317 is divided by 1861?
20
What is the remainder when 606684 is divided by 96?
60
Calculate the remainder when 622263 is divided by 29582.
1041
What is the remainder when 140690 is divided by 3365?
2725
Calculate the remainder when 3258603 is divided by 173.
148
What is the remainder when 419190 is divided by 400?
390
What is the remainder when 9693672 is divided by 70244?
0
What is the remainder when 45807 is divided by 7596?
231
What is the remainder when 2375083 is divided by 12138?
8173
What is the remainder when 3236342 is divided by 101?
100
What is the remainder when 3274570 is divided by 313?
277
Calculate the remainder when 164280375 is divided by 1888280.
15
What is the remainder when 461178 is divided by 14876?
22
What is the remainder when 4794899 is divided by 55?
54
What is the remainder when 14282231 is divided by 249?
89
Calculate the remainder when 41517 is divided by 982.
273
Calculate the remainder when 37895813 is divided by 1108.
1105
What is the remainder when 677718 is divided by 2290?
2168
Calculate the remainder when 14616461 is divided by 2083.
50
What is the remainder when 100404 is divided by 1667?
384
Calculate the remainder when 204365 is divided by 12015.
110
What is the remainder when 4232 is divided by 112?
88
Calculate the remainder when 261603 is divided by 1384.
27
Calculate the remainder when 2904186 is divided by 950.
36
What is the remainder when 85522 is divided by 21359?
86
What is the remainder when 80290246 is divided by 1906?
1902
Calculate the remainder when 46842 is divided by 4116.
1566
What is the remainder when 218054 is divided by 14535?
29
Calculate the remainder when 10030199 is divided by 92020.
19
What is the remainder when 19174547 is divided by 164?
159
What is the remainder when 385054 is divided by 38504?
14
What is the remainder when 26604 is divided by 9279?
8046
Calculate the remainder when 744324 is divided by 16180.
44
Calculate the remainder when 43764 is divided by 4731.
1185
What is the remainder when 113569 is divided by 1862?
1849
Calculate the remainder when 351280 is divided by 75.
55
Calculate the remainder when 19190 is divided by 2233.
1326
Calculate the remainder when 105517631 is divided by 132.
131
Calculate the remainder when 24165434 is divided by 173852.
6
What is the remainder when 1902570 is divided by 54?
42
Calculate the remainder when 4017813 is divided by 1254.
1251
What is the remainder when 12057769 is divided by 353?
348
What is the remainder when 41518560 is divided by 154920?
0
Calculate the remainder when 122655 is divided by 40732.
459
Calculate the remainder when 7276576 is divided by 7276565.
11
Calculate the remainder when 333336 is divided by 4568.
4440
Calculate the remainder when 733128 is divided by 146093.
2663
Calculate the remainder when 782785 is divided by 742.
717
Calculate the remainder when 346047 is divided by 20354.
29
Calculate the remainder when 2165422 is divided by 14061.
28
What is the remainder when 51136220 is divided by 124?
108
Calculate the remainder when 83434073 is divided by 3143.
3138
What is